- 562, 4*y + 3*o + 0*o - 547 = 0. What is the tens digit of y?
3
Suppose -15*a = -28*a + 16029. What is the units digit of a?
3
Let a(l) = -7*l**3 - l**2 + 2. Suppose 5*o - 413 = -18. Let m = o - 81. What is the units digit of a(m)?
4
Suppose -5*i + 3*i + 1132 = z, 4*z + 1122 = 2*i. Let p = i - -161. What is the tens digit of p?
2
Let v be ((-10)/(-8 + 13))/(3/(-9)). Suppose 24*d - v*d = 11646. What is the hundreds digit of d?
6
Suppose 12541*k = 12530*k + 99616. What is the hundreds digit of k?
0
Suppose 2932 = 21*v - 53068 - 36316. What is the thousands digit of v?
4
Let f be 6/4 - (-7)/14*85. Let r = 97 - f. What is the units digit of r?
3
Suppose -8 = -5*g + 4*t, -3*g + 5*t - t + 8 = 0. Suppose -3*k - 2*b = b - 33, g = -3*k - b + 23. Suppose 6*s = -k*s + 1308. What is the hundreds digit of s?
1
Let j be (-1*344)/(-2) - -2. Suppose 0 = 2*u - 9770 + 9754. What is the units digit of 36/27*j/u?
9
Suppose 3*x - 3*m + 242 = -x, 4*x + 2*m = -252. Let i(c) = 9*c**3 + 352*c**2 + 39*c - 25. Let h be i(-39). Let r = h - x. What is the units digit of r?
7
What is the thousands digit of 223284/(-322)*(-140)/8?
2
Suppose -9*t = 16*t - 50475. Let s = -1056 + t. What is the tens digit of s?
6
Let h = -1055 - -7417. Suppose -7*r = -h + 944. Suppose -r = -7*l + 402. What is the tens digit of l?
6
Let w(b) = -15*b**3 + b**2 + 3*b - 1. Let h(y) = -2*y - 53. Let s(z) = -z - 54. Let a(g) = 4*h(g) - 5*s(g). Let n be a(20). What is the units digit of w(n)?
7
Let b(k) = 6*k**2 + 3*k + 11. Let o be b(-2). Suppose -22*i - 3451 = -o*i. What is the units digit of i?
3
Let r be 3/(3 + 372/(-126)). What is the tens digit of (336/98)/(2/r)?
0
Suppose l + 4*t = 7442, 33*l - t + 7442 = 34*l. What is the tens digit of l?
4
What is the ten thousands digit of (35/20)/(4 + (-587125)/146784)?
2
Let w be -3*-2*(-4)/(-8). Suppose k + w*k = -4, -2*i - 2*k = -64. Let f = 117 - i. What is the tens digit of f?
8
Let d = -43 - 6. Let o = d - -51. What is the tens digit of (15/o)/(9/66)?
5
Let y = -5372 - -7747. Suppose -3*w - w = -3*d + 1399, -2*w = 5*d - y. What is the tens digit of d?
7
Let b be (216/162)/(4/603). Suppose -d - 2*r + b = 0, r - 3*r = -4*d + 814. What is the hundreds digit of d?
2
Suppose -y + 2*s - 2 = -0*y, 3*y + 8 = 5*s. What is the hundreds digit of (4/y)/((-68)/12546)?
1
Suppose 0 = -3*n - 38 - 16. Let q = n + 28. Suppose 524 = -6*t + q*t. What is the tens digit of t?
3
Let c(p) = -416*p**3 - p**2 + 4*p + 5. Let d be c(-1). Let u = 917 - d. What is the tens digit of u?
0
Suppose 4*w + 4*m = 19824, -4*w + 13260 = -5*m - 6519. What is the tens digit of w?
5
Let f(n) = n**3 - 12*n**2 - 4*n - 15. Let l be f(9). Let g = l + 338. What is the units digit of g?
4
Let y = 45 + 68. Let o = 211 - y. What is the tens digit of o?
9
Let d = 936 + 1403. Suppose 5*k - 1606 = d. What is the units digit of k?
9
Let k(c) = 44*c + 969. What is the units digit of k(40)?
9
Let q(b) = 3*b**2 - 45*b + 6. Let w be q(15). What is the hundreds digit of w/(-4)*248*(-20)/24?
3
Suppose -3*y + 6 = -15. Suppose -y*x + 24 = -5*x. Let q(g) = 16*g - 28. What is the units digit of q(x)?
4
Suppose 5*w - p - 14024 = -4700, -2*w = -4*p - 3726. Let i = -1262 + w. What is the tens digit of i?
0
Let y(t) = 14*t**2 + 183*t + 3084. What is the units digit of y(-17)?
9
Let f be ((-4266)/1 - -1)*9/(-45). Let l = -434 + f. What is the hundreds digit of l?
4
Let i = 17425 - -8787. What is the units digit of i?
2
Suppose -5*p = 95*c - 90*c - 89910, 0 = -p - 4*c + 17964. What is the thousands digit of p?
7
What is the units digit of 6592 - ((-85)/(-102) - (-53)/(-6))?
0
Suppose 2*y - 4*k + 3*k - 3 = 0, 3*y = -4*k + 10. Suppose -3*r = -3*n - n + 25, -4*n + y*r + 22 = 0. Suppose x = n*x - 390. What is the tens digit of x?
3
Suppose 0 = 3*c - 6*c - 2*a - 9, a = -c - 4. What is the tens digit of c/((-1)/123) - (-12)/(-6)?
2
Let v = -22483 - -24761. What is the tens digit of v?
7
Let z(k) = -51*k**2 - 27*k + 28. Let g be z(1). What is the units digit of (116 + 1 - 3)*g/(-30)?
0
Suppose -2*t + 20 = 16. What is the hundreds digit of (t/(-4))/(35/(-11900))?
1
Let y(x) = 14*x + 21. Let d(h) be the first derivative of 13*h**2/2 + 21*h + 12. Let z(m) = 3*d(m) - 2*y(m). What is the tens digit of z(9)?
2
Let n = 6754 - 5200. What is the tens digit of n?
5
Suppose 0 = 4*l - 9*i + 8*i - 30881, 4*l + 2*i = 30878. What is the hundreds digit of l?
7
Suppose 3*t - 6233 = 2849 + 18935. What is the thousands digit of t?
9
Suppose 1424734 = 200*f - 1441466. What is the units digit of f?
1
Let p(i) = -14*i**3 + 18*i**2 - 20*i - 11. What is the units digit of p(-8)?
9
Let y(a) be the first derivative of -2*a**2 - 13*a - 32. What is the tens digit of y(-11)?
3
Suppose -18477 + 991 = 14*h. Let s = h - -2341. What is the thousands digit of s?
1
Let g = 144 + 7587. What is the hundreds digit of g?
7
Let r be -1 - (-5)/(5/4). Suppose 5*g = r*o - 531, -g - 109 = -0*o - 2*o. What is the tens digit of ((-4)/3 - -1)*g?
3
Suppose 49*g + 4703 = 276114. What is the thousands digit of g?
5
Let g(p) = -p**3 - 4*p**2 - 12*p - 62. Let a be g(-4). Let s be (-22 - -1)*(-6)/9. What is the tens digit of (-1 + s)*a/(-2)?
9
Suppose o - 10 = -3*s, -s + 0*o - 2*o = 0. Suppose 7*a = -s*q + 8*a + 578, 5*a = 4*q - 586. What is the units digit of q?
4
Let k(q) = -q**2 - 403*q - 170. What is the thousands digit of k(-130)?
5
Let t = 26720 + -13476. What is the hundreds digit of t?
2
Let w be (-3)/4 + 876/16. Let x = -132 + w. Let p = x - -142. What is the units digit of p?
4
Suppose 4*h = 5*r + 39083, -2*h + 5*h - 3*r = 29307. What is the hundreds digit of h?
7
Suppose 36*a = 66*a - 38*a + 59760. What is the units digit of a?
0
Let s(o) = 304*o - 71. Let r be s(8). Suppose -5*f + 2349 = -0*f + 2*b, 0 = 5*f - 2*b - r. What is the hundreds digit of f?
4
Suppose -h + 6884 = -w, -748*h + 743*h + 34388 = 3*w. What is the hundreds digit of h?
8
What is the units digit of (159/((-5088)/(-3338176)))/(-1 + 0 + 3)?
9
What is the thousands digit of -88*(-1)/4 - -39518?
9
Let d be (-489)/2*(0 + -2). Let r = 1132 - d. What is the units digit of r?
3
Let j be ((-18)/4 - 1)/(14/(-2156)). Suppose 12*m = -199 + j. What is the tens digit of m?
5
Let t = 31 + 119. What is the hundreds digit of 6/10 + 57210/t?
3
Suppose -20*o = -9*o - 87472. What is the thousands digit of o?
7
Suppose 0 = 9*z - 427 - 5. Let h = 55 - z. Suppose 4*c - 9*f = -h*f + 796, 0 = 3*c + 2*f - 590. What is the hundreds digit of c?
1
Let p(o) = -818*o - 1745. What is the hundreds digit of p(-19)?
7
Suppose r - 20182 = -1526. What is the ten thousands digit of r?
1
Let i(m) = -56*m**2 + 72*m**2 + 14*m + 5 - m. What is the units digit of i(-8)?
5
Let v be 13/3 + 42/63. Suppose 2*a - 474 = -v*o, o + 6 = 4. What is the units digit of a?
2
Let y = 2993 + -2098. What is the hundreds digit of y?
8
Let w be (-180)/(-54)*3/2. Suppose -z = -w*r - 329, -2*z + 32*r - 28*r = -682. What is the hundreds digit of z?
3
Suppose -520391 + 1307957 = 18*i + 5*i. What is the ten thousands digit of i?
3
Let g(z) = 48*z + 358 - 178 - 176. What is the hundreds digit of g(4)?
1
Suppose -9*a + 5 = -8*a. Suppose -793 = -3*q - 3*k + a*k, 4*q - 1048 = -2*k. What is the hundreds digit of q?
2
Suppose 5*s = -5*b + 65, 0 = -b + s + 3*s + 23. Suppose 17 = 8*f - b. Suppose -5*c = 3*n - n - 28, -f*n + 12 = -c. What is the units digit of n?
4
Let y(v) = -163*v + 250. Let i be y(-8). Suppose t - i = -w, w + 4*w + 1542 = t. What is the tens digit of t?
5
Let q(b) = 1014*b**2 + 155*b + 452. What is the units digit of q(-3)?
3
Let y = -22 - 14. Let s be ((-1)/(-2))/((-3)/y). What is the tens digit of 3/(-9) + 2/s - -66?
6
Let i = 7629 + -4450. Suppose -4*f = -5*j - i, -3*f - 2*f + 3977 = -3*j. What is the units digit of f?
6
Let t be 160/224*7/1. Suppose 0 = s + i - 207 - 108, -t*s + 1571 = 3*i. What is the hundreds digit of s?
3
Let x(y) = -5*y + 42. Let d be x(1). Suppose 28*v = d*v - 1890. What is the tens digit of v?
1
What is the tens digit of (319/(-58))/((-2)/2984)?
0
Let l = 11768 - 7923. What is the thousands digit of l?
3
Let j(x) be the third derivative of -x**6/120 + 13*x**5/60 + 13*x**4/6 - 11*x**3/6 - 63*x**2. What is the units digit of j(15)?
9
Let y(a) = 7*a**2 + 36*a + 4. Let j be y(-5). What is the hundreds digit of (-12537)/(-14